{"id":634,"date":"2024-05-30T20:46:22","date_gmt":"2024-05-30T20:46:22","guid":{"rendered":"https:\/\/taliboot.com\/web\/?page_id=634"},"modified":"2024-05-30T23:06:01","modified_gmt":"2024-05-30T23:06:01","slug":"recomendaciones-medicas-para-el-uso-de-las-medias","status":"publish","type":"page","link":"https:\/\/taliboot.com\/web\/recomendaciones-medicas-para-el-uso-de-las-medias\/","title":{"rendered":"RECOMENDACIONES MEDICAS PARA EL USO DE LAS MEDIAS"},"content":{"rendered":"<p>[et_pb_section fb_built=\u00bb1&#8243; custom_padding_last_edited=\u00bbon|tablet\u00bb next_background_color=\u00bb#f4f4f4&#8243; admin_label=\u00bbHero\u00bb _builder_version=\u00bb4.25.1&#8243; use_background_color_gradient=\u00bbon\u00bb background_color_gradient_type=\u00bbcircular\u00bb background_color_gradient_direction_radial=\u00bbtop right\u00bb background_color_gradient_stops=\u00bbrgba(1,77,183,0.9) 20%|rgba(255,255,255,0) 100%\u00bb background_color_gradient_overlays_image=\u00bbon\u00bb background_color_gradient_start=\u00bbrgba(1,77,183,0.9)\u00bb background_color_gradient_start_position=\u00bb20%\u00bb background_color_gradient_end=\u00bbrgba(255,255,255,0)\u00bb background_image=\u00bbhttps:\/\/taliboot.com\/web\/wp-content\/uploads\/2024\/03\/VERTICAL_0029_DSC07911_1500x2250.jpg\u00bb custom_padding=\u00bb110px|0px|160px|0px|false|false\u00bb custom_padding_tablet=\u00bb50px||50px||true\u00bb custom_padding_phone=\u00bb|||\u00bb bottom_divider_style=\u00bbasymmetric\u00bb bottom_divider_height=\u00bb50px\u00bb bottom_divider_flip=\u00bbhorizontal\u00bb bottom_divider_height_tablet=\u00bb90px\u00bb bottom_divider_height_phone=\u00bb80px\u00bb global_colors_info=\u00bb{}\u00bb][et_pb_row column_structure=\u00bb2_5,3_5&#8243; _builder_version=\u00bb4.16&#8243; custom_width_px=\u00bb1280px\u00bb global_colors_info=\u00bb{}\u00bb][et_pb_column type=\u00bb2_5&#8243; _builder_version=\u00bb4.16&#8243; custom_padding=\u00bb|||\u00bb global_colors_info=\u00bb{}\u00bb custom_padding__hover=\u00bb|||\u00bb][\/et_pb_column][et_pb_column type=\u00bb3_5&#8243; _builder_version=\u00bb4.16&#8243; custom_padding=\u00bb|||\u00bb global_colors_info=\u00bb{}\u00bb custom_padding__hover=\u00bb|||\u00bb][et_pb_text _builder_version=\u00bb4.25.1&#8243; text_font=\u00bbMontserrat||||||||\u00bb text_text_color=\u00bbrgba(255,255,255,0.7)\u00bb text_font_size=\u00bb20px\u00bb text_line_height=\u00bb1.8em\u00bb header_font=\u00bbMontserrat|700|||||||\u00bb header_font_size=\u00bb44px\u00bb header_line_height=\u00bb1.4em\u00bb header_6_font=\u00bbMontserrat|600||on|||||\u00bb header_6_text_color=\u00bbrgba(255,255,255,0.7)\u00bb header_6_font_size=\u00bb16px\u00bb header_6_letter_spacing=\u00bb2px\u00bb header_6_line_height=\u00bb1.5em\u00bb background_layout=\u00bbdark\u00bb custom_padding=\u00bb41px||||false|false\u00bb text_font_size_tablet=\u00bb\u00bb text_font_size_phone=\u00bb15px\u00bb text_font_size_last_edited=\u00bbon|phone\u00bb header_font_size_tablet=\u00bb\u00bb header_font_size_phone=\u00bb28px\u00bb header_font_size_last_edited=\u00bbon|phone\u00bb global_colors_info=\u00bb{}\u00bb]<\/p>\n<h1 style=\"text-align: center;\"><\/h1>\n<h1 style=\"text-align: center;\">RECOMENDACIONES M\u00c9DICAS PARA EL USO DE LAS MEDIAS<\/h1>\n<p>[\/et_pb_text][\/et_pb_column][\/et_pb_row][\/et_pb_section][et_pb_section fb_built=\u00bb1&#8243; admin_label=\u00bbLogin\u00bb _builder_version=\u00bb4.16&#8243; background_color=\u00bb#f4f4f4&#8243; background_image=\u00bbhttps:\/\/taliboot.com\/web\/wp-content\/uploads\/2021\/05\/fondo_diseno_gris_degradado.png\u00bb background_size=\u00bbcontain\u00bb background_position=\u00bbtop_center\u00bb custom_padding=\u00bb|||\u00bb global_colors_info=\u00bb{}\u00bb][et_pb_row _builder_version=\u00bb4.16&#8243; _module_preset=\u00bbdefault\u00bb global_colors_info=\u00bb{}\u00bb][et_pb_column type=\u00bb4_4&#8243; _builder_version=\u00bb4.16&#8243; _module_preset=\u00bbdefault\u00bb global_colors_info=\u00bb{}\u00bb][et_pb_text _builder_version=\u00bb4.25.1&#8243; _module_preset=\u00bbdefault\u00bb text_text_color=\u00bb#254597&#8243; text_font_size=\u00bb20px\u00bb animation_style=\u00bbslide\u00bb animation_direction=\u00bbleft\u00bb animation_duration=\u00bb2000ms\u00bb global_colors_info=\u00bb{}\u00bb]<\/p>\n<p style=\"text-align: justify;\"><strong>IMPORTANCIA DEL SOPORTE ELASTICO EN EL TRATAMIENTO DE SU ENFERMEDAD<\/strong><\/p>\n<p>[\/et_pb_text][et_pb_text _builder_version=\u00bb4.25.1&#8243; _module_preset=\u00bbdefault\u00bb animation_style=\u00bbslide\u00bb animation_direction=\u00bbleft\u00bb animation_duration=\u00bb2000ms\u00bb global_colors_info=\u00bb{}\u00bb]<\/p>\n<p style=\"text-align: justify;\">Querido paciente. Existen muchos mitos y desinformaci\u00f3n con respecto al uso de medias el\u00e1sticas que espero pueda resolverlas al leer este documento.<\/p>\n<p style=\"text-align: justify;\">[\/et_pb_text][\/et_pb_column][\/et_pb_row][et_pb_row column_structure=\u00bb1_4,3_4&#8243; _builder_version=\u00bb4.25.1&#8243; _module_preset=\u00bbdefault\u00bb global_colors_info=\u00bb{}\u00bb][et_pb_column type=\u00bb1_4&#8243; _builder_version=\u00bb4.16&#8243; _module_preset=\u00bbdefault\u00bb global_colors_info=\u00bb{}\u00bb][et_pb_image src=\u00bbhttps:\/\/taliboot.com\/web\/wp-content\/uploads\/2024\/05\/img_medias_recomendaciones_medicas.png\u00bb title_text=\u00bbimg_medias_recomendaciones_medicas\u00bb align=\u00bbcenter\u00bb _builder_version=\u00bb4.25.1&#8243; _module_preset=\u00bbdefault\u00bb border_radii=\u00bbon|10px|10px|10px|10px\u00bb global_colors_info=\u00bb{}\u00bb][\/et_pb_image][\/et_pb_column][et_pb_column type=\u00bb3_4&#8243; _builder_version=\u00bb4.16&#8243; _module_preset=\u00bbdefault\u00bb global_colors_info=\u00bb{}\u00bb][et_pb_text _builder_version=\u00bb4.25.1&#8243; _module_preset=\u00bbdefault\u00bb animation_style=\u00bbslide\u00bb animation_direction=\u00bbleft\u00bb animation_duration=\u00bb2000ms\u00bb global_colors_info=\u00bb{}\u00bb]<\/p>\n<p style=\"text-align: justify;\">Las medias el\u00e1sticas han sido indicadas por su m\u00e9dico para el tratamiento y prevenci\u00f3n de enfermedades venosas de las piernas y cicatrizaci\u00f3n de ulceras en el caso que las tenga. La insuficiencia venosa es el termino que se utiliza para catalogar un amplio grupo de s\u00edntomas y signos de enfermedades venosas, que van desde sensaci\u00f3n de pesadez y calambres, pasando por las varices, trombosis venosa, hasta la presencia de ulceraciones venosas, que pueden ser muy graves.<\/p>\n<p>[\/et_pb_text][\/et_pb_column][\/et_pb_row][et_pb_row _builder_version=\u00bb4.16&#8243; _module_preset=\u00bbdefault\u00bb global_colors_info=\u00bb{}\u00bb][et_pb_column type=\u00bb4_4&#8243; _builder_version=\u00bb4.16&#8243; _module_preset=\u00bbdefault\u00bb global_colors_info=\u00bb{}\u00bb][et_pb_text _builder_version=\u00bb4.25.1&#8243; _module_preset=\u00bbdefault\u00bb animation_style=\u00bbslide\u00bb animation_direction=\u00bbleft\u00bb animation_duration=\u00bb2000ms\u00bb global_colors_info=\u00bb{}\u00bb]<\/p>\n<p style=\"text-align: justify;\">El tratamiento de la insuficiencia venosa se basa en: Uso de soporte el\u00e1stico (medias), cirug\u00eda (convencional abierta o endovascular por radiofrecuencia), disminuci\u00f3n de peso y ejercicio, lubricaci\u00f3n de la piel de la pierna, uso de ropa y zapatos, NO APRETADOS (no uso de fajas).<br \/>El uso de medicamentos o inyecciones, no son el tratamiento de la enfermedad venosa y debe tener mucho cuidado porque si son indicados de manera incorrecta pueden generarle muchas complicaciones, perdida de tiempo y dinero. Igualmente, todos los tratamientos de su enfermedad venosa son hechos y guiados por el cirujano vascular, no por otros m\u00e9dicos o especialistas.<\/p>\n<p>[\/et_pb_text][\/et_pb_column][\/et_pb_row][et_pb_row _builder_version=\u00bb4.25.1&#8243; _module_preset=\u00bbdefault\u00bb global_colors_info=\u00bb{}\u00bb][et_pb_column type=\u00bb4_4&#8243; _builder_version=\u00bb4.16&#8243; _module_preset=\u00bbdefault\u00bb global_colors_info=\u00bb{}\u00bb][et_pb_text _builder_version=\u00bb4.25.1&#8243; _module_preset=\u00bbdefault\u00bb animation_style=\u00bbslide\u00bb animation_direction=\u00bbright\u00bb animation_duration=\u00bb2000ms\u00bb global_colors_info=\u00bb{}\u00bb]<\/p>\n<p>Las medias el\u00e1sticas, le ayudaran a su pierna en los siguientes aspectos:<\/p>\n<ol>\n<li>Disminuir dolor e inflamaci\u00f3n<\/li>\n<li>Mejorar la circulaci\u00f3n venosa<\/li>\n<li>Prevenir la aparici\u00f3n de varices<\/li>\n<li>Cicatrizaci\u00f3n de ulceras (en el caso que usted las tenga)<\/li>\n<li>Disminuci\u00f3n de dolor, hematomas y otras complicaciones despu\u00e9s de cirug\u00eda venosa (medias de trombo profilaxis- Blancas)<\/li>\n<li>Tratamiento de la trombosis venosa profunda<\/li>\n<li>Tratamiento del linfedema y otros estados edematosos<\/li>\n<\/ol>\n<p>[\/et_pb_text][\/et_pb_column][\/et_pb_row][et_pb_row _builder_version=\u00bb4.16&#8243; _module_preset=\u00bbdefault\u00bb global_colors_info=\u00bb{}\u00bb][et_pb_column type=\u00bb4_4&#8243; _builder_version=\u00bb4.16&#8243; _module_preset=\u00bbdefault\u00bb global_colors_info=\u00bb{}\u00bb][et_pb_text _builder_version=\u00bb4.25.1&#8243; _module_preset=\u00bbdefault\u00bb animation_style=\u00bbslide\u00bb animation_direction=\u00bbleft\u00bb animation_duration=\u00bb2000ms\u00bb global_colors_info=\u00bb{}\u00bb]<\/p>\n<p style=\"text-align: justify;\">Las medias el\u00e1sticas est\u00e1n hechas de un material el\u00e1stico que comprime la pierna, este material se desgasta en promedio a los 3 meses por lo que se requiere el cambio de medias cada 3 meses. Igualmente, la presencia de dermatitis o alergia a la media el\u00e1stica depende de la calidad del material. Las medias pueden generar calor y sudoraci\u00f3n en algunos pacientes, por lo que no debe utilizarse todos los d\u00edas las mismas medias, sino cambiarlas d\u00eda a d\u00eda, como cualquier prenda de uso diario. por lo que requiere tener al menos 3 pares siempre. Las medias el\u00e1sticas deben utilizarse solas, sin ninguna otra media por encima. En tierra caliente se puede utilizar la media sin puntera o dedos descubiertos, especialmente para poder usar calzado tipo chancla.<\/p>\n<p style=\"text-align: justify;\">La convicci\u00f3n que las medias deben usarse hasta la cintura o muslo, porque hay varices en muslos, es completamente errada y falsa; las medias el\u00e1sticas deben usarse siempre y \u00fanicamente hasta la rodilla, ya que la bomba muscular que activa la sangre y la mueve para que suba al coraz\u00f3n se encuentra en los m\u00fasculos de la pantorrilla y no en el muslo; adem\u00e1s de la incomodidad de usar una media hasta la cintura, que es muy dif\u00edcil de colocar y retirar.<\/p>\n<p style=\"text-align: justify;\">Las medias deben utilizarse durante el d\u00eda y retirarse en la noche; especialmente en aquellos periodos del d\u00eda que usted camine, trabaje o este de pie, la idea es que las use en estos periodos de tiempo y valla poco a poco acostumbr\u00e1ndose mientras las tolera, en la noche debe retirarlas ya que no se usan mientras duerme.<\/p>\n<p style=\"text-align: justify;\">Existen diferentes tipos de medias en el mercado, pero la indicaci\u00f3n de la media es como un medicamento y debe ser por lo tanto formulada por su cirujano vascular tratante y no dar un papel para que la consiga en una tienda o farmacia, donde los vendedores no pueden ser los que sepan que tipo de media usted requiera, su cirujano vascular le indicara el tipo de media que requiera de acuerdo con el tipo de enfermedad e indicaci\u00f3n que necesite.<\/p>\n<p style=\"text-align: justify;\">Por favor no compre medias sin indicaci\u00f3n del cirujano vascular, algunas de las que NO se recomiendan son: las que utilizan cremallera, medias hasta la cintura, medias con velcro, vendas el\u00e1sticas simples. Las medias el\u00e1sticas se clasifican de acuerdo con el tipo de presi\u00f3n que se ejerza en su pierna, (baja, mediana y alta compresi\u00f3n); lo m\u00e1s importante es que usted se sienta c\u00f3modo con la media y no que le genere dolor o disconfort por lo tanto no se preocupe por la presi\u00f3n ejercida, sino por lo que le ordene su cirujano vascular.<br \/>Existen diferentes tipos de medias en el mercado, y usted es libre de escoger, pero Recomendamos las medias el\u00e1sticas de la mejor calidad y duraci\u00f3n que puede conseguir en Colombia, llamando a un call center o l\u00ednea nacional.<\/p>\n<p>[\/et_pb_text][et_pb_blurb use_icon=\u00bbon\u00bb font_icon=\u00bb&#xe00b;||divi||400&#8243; icon_color=\u00bb#FFFFFF\u00bb icon_placement=\u00bbleft\u00bb image_icon_width=\u00bb30px\u00bb content_max_width=\u00bb40%\u00bb content_max_width_tablet=\u00bb40%\u00bb content_max_width_phone=\u00bb60%\u00bb content_max_width_last_edited=\u00bboff|desktop\u00bb _builder_version=\u00bb4.25.1&#8243; _module_preset=\u00bbdefault\u00bb body_font=\u00bb|700|||||||\u00bb body_text_color=\u00bb#FFFFFF\u00bb body_font_size=\u00bb20px\u00bb background_color=\u00bb#254597&#8243; custom_margin=\u00bb||||false|false\u00bb custom_padding=\u00bb10px||10px|150px|false|false\u00bb animation_style=\u00bbzoom\u00bb animation_duration=\u00bb2500ms\u00bb hover_enabled=\u00bb0&#8243; border_radii=\u00bbon|5px|5px|5px|5px\u00bb locked=\u00bboff\u00bb global_colors_info=\u00bb{}\u00bb sticky_enabled=\u00bb0&#8243; custom_padding_last_edited=\u00bbon|phone\u00bb custom_padding_phone=\u00bb|||0px|false|false\u00bb custom_padding_tablet=\u00bb10px||10px|150px|false|false\u00bb]<\/p>\n<p>+57 321 9259461<\/p>\n<p>[\/et_pb_blurb][et_pb_text _builder_version=\u00bb4.25.1&#8243; _module_preset=\u00bbdefault\u00bb text_text_color=\u00bb#254597&#8243; text_font_size=\u00bb20px\u00bb animation_style=\u00bbzoom\u00bb animation_direction=\u00bbleft\u00bb animation_duration=\u00bb2000ms\u00bb locked=\u00bboff\u00bb global_colors_info=\u00bb{}\u00bb]<\/p>\n<p style=\"text-align: center;\"><strong>PARA COMPLEMENTAR SU TRATAMIENTO, LE RECOMENDAMOS ESTOS EJERCICIOS DE MANERA DIARIA<\/strong><\/p>\n<p>[\/et_pb_text][et_pb_image src=\u00bbhttps:\/\/taliboot.com\/web\/wp-content\/uploads\/2024\/05\/img_ejercicios_diarios.png\u00bb title_text=\u00bbimg_ejercicios_diarios\u00bb align=\u00bbcenter\u00bb _builder_version=\u00bb4.25.1&#8243; _module_preset=\u00bbdefault\u00bb animation_style=\u00bbzoom\u00bb animation_duration=\u00bb2000ms\u00bb border_radii=\u00bbon|10px|10px|10px|10px\u00bb global_colors_info=\u00bb{}\u00bb][\/et_pb_image][\/et_pb_column][\/et_pb_row][\/et_pb_section]<\/p>\n","protected":false},"excerpt":{"rendered":"<p>RECOMENDACIONES M\u00c9DICAS PARA EL USO DE LAS MEDIASIMPORTANCIA DEL SOPORTE ELASTICO EN EL TRATAMIENTO DE SU ENFERMEDADQuerido paciente. Existen muchos mitos y desinformaci\u00f3n con respecto al uso de medias el\u00e1sticas que espero pueda resolverlas al leer este documento. Las medias el\u00e1sticas han sido indicadas por su m\u00e9dico para el tratamiento y prevenci\u00f3n de enfermedades venosas [&hellip;]<\/p>\n","protected":false},"author":1,"featured_media":0,"parent":0,"menu_order":0,"comment_status":"closed","ping_status":"closed","template":"","meta":{"_et_pb_use_builder":"on","_et_pb_old_content":"","_et_gb_content_width":"","footnotes":""},"class_list":["post-634","page","type-page","status-publish","hentry"],"yoast_head":"<!-- This site is optimized with the Yoast SEO plugin v22.8 - https:\/\/yoast.com\/wordpress\/plugins\/seo\/ -->\n<title>RECOMENDACIONES MEDICAS PARA EL USO DE LAS MEDIAS - TALIBOOT<\/title>\n<meta name=\"robots\" content=\"index, follow, max-snippet:-1, max-image-preview:large, max-video-preview:-1\" \/>\n<link rel=\"canonical\" href=\"https:\/\/taliboot.com\/web\/recomendaciones-medicas-para-el-uso-de-las-medias\/\" \/>\n<meta property=\"og:locale\" content=\"es_ES\" \/>\n<meta property=\"og:type\" content=\"article\" \/>\n<meta property=\"og:title\" content=\"RECOMENDACIONES MEDICAS PARA EL USO DE LAS MEDIAS - TALIBOOT\" \/>\n<meta property=\"og:description\" content=\"RECOMENDACIONES M\u00c9DICAS PARA EL USO DE LAS MEDIASIMPORTANCIA DEL SOPORTE ELASTICO EN EL TRATAMIENTO DE SU ENFERMEDADQuerido paciente. Existen muchos mitos y desinformaci\u00f3n con respecto al uso de medias el\u00e1sticas que espero pueda resolverlas al leer este documento. Las medias el\u00e1sticas han sido indicadas por su m\u00e9dico para el tratamiento y prevenci\u00f3n de enfermedades venosas [&hellip;]\" \/>\n<meta property=\"og:url\" content=\"https:\/\/taliboot.com\/web\/recomendaciones-medicas-para-el-uso-de-las-medias\/\" \/>\n<meta property=\"og:site_name\" content=\"TALIBOOT\" \/>\n<meta property=\"article:modified_time\" content=\"2024-05-30T23:06:01+00:00\" \/>\n<meta name=\"twitter:card\" content=\"summary_large_image\" \/>\n<script type=\"application\/ld+json\" class=\"yoast-schema-graph\">{\"@context\":\"https:\/\/schema.org\",\"@graph\":[{\"@type\":\"WebPage\",\"@id\":\"https:\/\/taliboot.com\/web\/recomendaciones-medicas-para-el-uso-de-las-medias\/\",\"url\":\"https:\/\/taliboot.com\/web\/recomendaciones-medicas-para-el-uso-de-las-medias\/\",\"name\":\"RECOMENDACIONES MEDICAS PARA EL USO DE LAS MEDIAS - TALIBOOT\",\"isPartOf\":{\"@id\":\"https:\/\/taliboot.com\/web\/#website\"},\"datePublished\":\"2024-05-30T20:46:22+00:00\",\"dateModified\":\"2024-05-30T23:06:01+00:00\",\"breadcrumb\":{\"@id\":\"https:\/\/taliboot.com\/web\/recomendaciones-medicas-para-el-uso-de-las-medias\/#breadcrumb\"},\"inLanguage\":\"es\",\"potentialAction\":[{\"@type\":\"ReadAction\",\"target\":[\"https:\/\/taliboot.com\/web\/recomendaciones-medicas-para-el-uso-de-las-medias\/\"]}]},{\"@type\":\"BreadcrumbList\",\"@id\":\"https:\/\/taliboot.com\/web\/recomendaciones-medicas-para-el-uso-de-las-medias\/#breadcrumb\",\"itemListElement\":[{\"@type\":\"ListItem\",\"position\":1,\"name\":\"Portada\",\"item\":\"https:\/\/taliboot.com\/web\/\"},{\"@type\":\"ListItem\",\"position\":2,\"name\":\"RECOMENDACIONES MEDICAS PARA EL USO DE LAS MEDIAS\"}]},{\"@type\":\"WebSite\",\"@id\":\"https:\/\/taliboot.com\/web\/#website\",\"url\":\"https:\/\/taliboot.com\/web\/\",\"name\":\"TALIBOOT\",\"description\":\"Bota para \u00falcera en el tal\u00f3n\",\"potentialAction\":[{\"@type\":\"SearchAction\",\"target\":{\"@type\":\"EntryPoint\",\"urlTemplate\":\"https:\/\/taliboot.com\/web\/?s={search_term_string}\"},\"query-input\":\"required name=search_term_string\"}],\"inLanguage\":\"es\"}]}<\/script>\n<!-- \/ Yoast SEO plugin. -->","yoast_head_json":{"title":"RECOMENDACIONES MEDICAS PARA EL USO DE LAS MEDIAS - TALIBOOT","robots":{"index":"index","follow":"follow","max-snippet":"max-snippet:-1","max-image-preview":"max-image-preview:large","max-video-preview":"max-video-preview:-1"},"canonical":"https:\/\/taliboot.com\/web\/recomendaciones-medicas-para-el-uso-de-las-medias\/","og_locale":"es_ES","og_type":"article","og_title":"RECOMENDACIONES MEDICAS PARA EL USO DE LAS MEDIAS - TALIBOOT","og_description":"RECOMENDACIONES M\u00c9DICAS PARA EL USO DE LAS MEDIASIMPORTANCIA DEL SOPORTE ELASTICO EN EL TRATAMIENTO DE SU ENFERMEDADQuerido paciente. Existen muchos mitos y desinformaci\u00f3n con respecto al uso de medias el\u00e1sticas que espero pueda resolverlas al leer este documento. Las medias el\u00e1sticas han sido indicadas por su m\u00e9dico para el tratamiento y prevenci\u00f3n de enfermedades venosas [&hellip;]","og_url":"https:\/\/taliboot.com\/web\/recomendaciones-medicas-para-el-uso-de-las-medias\/","og_site_name":"TALIBOOT","article_modified_time":"2024-05-30T23:06:01+00:00","twitter_card":"summary_large_image","schema":{"@context":"https:\/\/schema.org","@graph":[{"@type":"WebPage","@id":"https:\/\/taliboot.com\/web\/recomendaciones-medicas-para-el-uso-de-las-medias\/","url":"https:\/\/taliboot.com\/web\/recomendaciones-medicas-para-el-uso-de-las-medias\/","name":"RECOMENDACIONES MEDICAS PARA EL USO DE LAS MEDIAS - TALIBOOT","isPartOf":{"@id":"https:\/\/taliboot.com\/web\/#website"},"datePublished":"2024-05-30T20:46:22+00:00","dateModified":"2024-05-30T23:06:01+00:00","breadcrumb":{"@id":"https:\/\/taliboot.com\/web\/recomendaciones-medicas-para-el-uso-de-las-medias\/#breadcrumb"},"inLanguage":"es","potentialAction":[{"@type":"ReadAction","target":["https:\/\/taliboot.com\/web\/recomendaciones-medicas-para-el-uso-de-las-medias\/"]}]},{"@type":"BreadcrumbList","@id":"https:\/\/taliboot.com\/web\/recomendaciones-medicas-para-el-uso-de-las-medias\/#breadcrumb","itemListElement":[{"@type":"ListItem","position":1,"name":"Portada","item":"https:\/\/taliboot.com\/web\/"},{"@type":"ListItem","position":2,"name":"RECOMENDACIONES MEDICAS PARA EL USO DE LAS MEDIAS"}]},{"@type":"WebSite","@id":"https:\/\/taliboot.com\/web\/#website","url":"https:\/\/taliboot.com\/web\/","name":"TALIBOOT","description":"Bota para \u00falcera en el tal\u00f3n","potentialAction":[{"@type":"SearchAction","target":{"@type":"EntryPoint","urlTemplate":"https:\/\/taliboot.com\/web\/?s={search_term_string}"},"query-input":"required name=search_term_string"}],"inLanguage":"es"}]}},"_links":{"self":[{"href":"https:\/\/taliboot.com\/web\/wp-json\/wp\/v2\/pages\/634","targetHints":{"allow":["GET"]}}],"collection":[{"href":"https:\/\/taliboot.com\/web\/wp-json\/wp\/v2\/pages"}],"about":[{"href":"https:\/\/taliboot.com\/web\/wp-json\/wp\/v2\/types\/page"}],"author":[{"embeddable":true,"href":"https:\/\/taliboot.com\/web\/wp-json\/wp\/v2\/users\/1"}],"replies":[{"embeddable":true,"href":"https:\/\/taliboot.com\/web\/wp-json\/wp\/v2\/comments?post=634"}],"version-history":[{"count":15,"href":"https:\/\/taliboot.com\/web\/wp-json\/wp\/v2\/pages\/634\/revisions"}],"predecessor-version":[{"id":671,"href":"https:\/\/taliboot.com\/web\/wp-json\/wp\/v2\/pages\/634\/revisions\/671"}],"wp:attachment":[{"href":"https:\/\/taliboot.com\/web\/wp-json\/wp\/v2\/media?parent=634"}],"curies":[{"name":"wp","href":"https:\/\/api.w.org\/{rel}","templated":true}]}}